{"id":16150,"date":"2020-04-21T11:13:40","date_gmt":"2020-04-21T09:13:40","guid":{"rendered":"https:\/\/bcul.321dev.ch\/formation\/visite-de-la-bibliotheque-pour-des-groupes\/"},"modified":"2021-04-14T14:20:33","modified_gmt":"2021-04-14T12:20:33","slug":"visite-de-la-bibliotheque-pour-des-groupes","status":"publish","type":"formation","link":"https:\/\/bcul.321dev.ch\/en\/formation\/visite-de-la-bibliotheque-pour-des-groupes\/","title":{"rendered":"Library visits for groups"},"content":{"rendered":"\n<p>We offer guided tours of the library suitable for the needs of groups who require a particular service: general visit to the public areas, exploration of the library\u2019s underground stacks, history of the heritage collections, introduction to collections suitable for people learning French, etc.<\/p>\n","protected":false},"excerpt":{"rendered":"<p>Nous proposons des visites guid\u00e9es adapt\u00e9es aux besoins des groupes qui souhaitent une prestation particuli\u00e8re <\/p>\n","protected":false},"author":54,"featured_media":6888,"template":"","meta":{"_acf_changed":false,"_oasis_is_in_workflow":0,"_oasis_original":0,"_oasis_task_priority":"","footnotes":""},"formation_type":[1248,1249],"coauthors":[647],"acf":[],"_links":{"self":[{"href":"https:\/\/bcul.321dev.ch\/en\/wp-json\/wp\/v2\/formation\/16150"}],"collection":[{"href":"https:\/\/bcul.321dev.ch\/en\/wp-json\/wp\/v2\/formation"}],"about":[{"href":"https:\/\/bcul.321dev.ch\/en\/wp-json\/wp\/v2\/types\/formation"}],"author":[{"embeddable":true,"href":"https:\/\/bcul.321dev.ch\/en\/wp-json\/wp\/v2\/users\/54"}],"version-history":[{"count":2,"href":"https:\/\/bcul.321dev.ch\/en\/wp-json\/wp\/v2\/formation\/16150\/revisions"}],"predecessor-version":[{"id":16152,"href":"https:\/\/bcul.321dev.ch\/en\/wp-json\/wp\/v2\/formation\/16150\/revisions\/16152"}],"wp:featuredmedia":[{"embeddable":true,"href":"https:\/\/bcul.321dev.ch\/en\/wp-json\/wp\/v2\/media\/6888"}],"wp:attachment":[{"href":"https:\/\/bcul.321dev.ch\/en\/wp-json\/wp\/v2\/media?parent=16150"}],"wp:term":[{"taxonomy":"formation_type","embeddable":true,"href":"https:\/\/bcul.321dev.ch\/en\/wp-json\/wp\/v2\/formation_type?post=16150"},{"taxonomy":"author","embeddable":true,"href":"https:\/\/bcul.321dev.ch\/en\/wp-json\/wp\/v2\/coauthors?post=16150"}],"curies":[{"name":"wp","href":"https:\/\/api.w.org\/{rel}","templated":true}]}}

<p>Nous proposons des visites guidées adaptées aux besoins des groupes qui souhaitent une prestation particulière </p>
