{"id":16201,"date":"2020-04-21T10:37:13","date_gmt":"2020-04-21T08:37:13","guid":{"rendered":"https:\/\/bcul.321dev.ch\/formation\/recherche-documentaire-pour-le-memoire-professionnel-bp43mep\/"},"modified":"2021-04-14T15:39:27","modified_gmt":"2021-04-14T13:39:27","slug":"recherche-documentaire-pour-le-memoire-professionnel-bp43mep","status":"publish","type":"formation","link":"https:\/\/bcul.321dev.ch\/en\/formation\/recherche-documentaire-pour-le-memoire-professionnel-bp43mep\/","title":{"rendered":"Documentary research \u2013 level 2: professional dissertation"},"content":{"rendered":"\n<p>Are you in the second year of a Bachelor\u2019s course at HEP Vaud? We organise a seminar on preparing your professional dissertation (BP43MEP).<\/p>\n\n\n\n<p>Course content:<\/p>\n\n\n\n<ul><li>stages in documentary research<\/li><li>work on search terms<\/li><li>advanced searches by subject in Renouvaud<\/li><li>advanced searches on the Cairn portal<\/li><li>techniques for following up a search.<\/li><\/ul>\n\n\n\n<p><\/p>\n","protected":false},"excerpt":{"rendered":"<p>Pr\u00e9paration au m\u00e9moire professionnel pour les \u00e9tudiant de bachelor 2e ann\u00e9e<\/p>\n","protected":false},"author":54,"featured_media":6878,"template":"","meta":{"_acf_changed":false,"_oasis_is_in_workflow":0,"_oasis_original":0,"_oasis_task_priority":"","footnotes":""},"formation_type":[1248,1249],"coauthors":[647],"acf":[],"_links":{"self":[{"href":"https:\/\/bcul.321dev.ch\/en\/wp-json\/wp\/v2\/formation\/16201"}],"collection":[{"href":"https:\/\/bcul.321dev.ch\/en\/wp-json\/wp\/v2\/formation"}],"about":[{"href":"https:\/\/bcul.321dev.ch\/en\/wp-json\/wp\/v2\/types\/formation"}],"author":[{"embeddable":true,"href":"https:\/\/bcul.321dev.ch\/en\/wp-json\/wp\/v2\/users\/54"}],"version-history":[{"count":2,"href":"https:\/\/bcul.321dev.ch\/en\/wp-json\/wp\/v2\/formation\/16201\/revisions"}],"predecessor-version":[{"id":16204,"href":"https:\/\/bcul.321dev.ch\/en\/wp-json\/wp\/v2\/formation\/16201\/revisions\/16204"}],"wp:featuredmedia":[{"embeddable":true,"href":"https:\/\/bcul.321dev.ch\/en\/wp-json\/wp\/v2\/media\/6878"}],"wp:attachment":[{"href":"https:\/\/bcul.321dev.ch\/en\/wp-json\/wp\/v2\/media?parent=16201"}],"wp:term":[{"taxonomy":"formation_type","embeddable":true,"href":"https:\/\/bcul.321dev.ch\/en\/wp-json\/wp\/v2\/formation_type?post=16201"},{"taxonomy":"author","embeddable":true,"href":"https:\/\/bcul.321dev.ch\/en\/wp-json\/wp\/v2\/coauthors?post=16201"}],"curies":[{"name":"wp","href":"https:\/\/api.w.org\/{rel}","templated":true}]}}

<p>Préparation au mémoire professionnel pour les étudiant de bachelor 2e année</p>
