{"id":17098,"date":"2020-03-11T09:33:34","date_gmt":"2020-03-11T08:33:34","guid":{"rendered":"https:\/\/bcul.321dev.ch\/manifestation\/africana-figures-de-femmes-et-formes-de-pouvoir\/"},"modified":"2020-03-11T09:33:34","modified_gmt":"2020-03-11T08:33:34","slug":"africana-figures-de-femmes-et-formes-de-pouvoir","status":"publish","type":"manifestation","link":"https:\/\/bcul.321dev.ch\/en\/manifestation\/africana-figures-de-femmes-et-formes-de-pouvoir\/","title":{"rendered":"Africana"},"content":{"rendered":"\n<p>L\u2019exceptionnelle biblioth\u00e8que du chercheur et professeur Jean-Marie\nVolet, avec 3\u2019500 volumes d\u00e9di\u00e9s \u00e0 la litt\u00e9rature f\u00e9minine francophone\nd\u2019Afrique subsaharienne, est le point de d\u00e9part de cette exposition.&nbsp;<br>\nL\u2019exposition propose une travers\u00e9e th\u00e9matique de cet ensemble foisonnant \u00e0\ntravers des fictions o\u00f9 les figures f\u00e9minines se confrontent \u00e0 diverses formes\nde pouvoir qu\u2019elles d\u00e9veloppent ou qu\u2019elles subissent.<\/p>\n\n\n\n<p>Commissaires&nbsp;: Christine Le Quellec Cottier et Val\u00e9rie Cossy<\/p>\n\n\n\n<p>En collaboration avec le P\u00f4le pour les \u00e9tudes africaines et les\nsections de fran\u00e7ais et d\u2019anglais, Facult\u00e9 des Lettres, UNIL<\/p>\n","protected":false},"author":34,"featured_media":6633,"template":"","meta":{"_acf_changed":false,"_oasis_is_in_workflow":0,"_oasis_original":0,"_oasis_task_priority":"","footnotes":""},"manifestation_type":[1260],"coauthors":[672,1232],"acf":[],"_links":{"self":[{"href":"https:\/\/bcul.321dev.ch\/en\/wp-json\/wp\/v2\/manifestation\/17098"}],"collection":[{"href":"https:\/\/bcul.321dev.ch\/en\/wp-json\/wp\/v2\/manifestation"}],"about":[{"href":"https:\/\/bcul.321dev.ch\/en\/wp-json\/wp\/v2\/types\/manifestation"}],"author":[{"embeddable":true,"href":"https:\/\/bcul.321dev.ch\/en\/wp-json\/wp\/v2\/users\/34"}],"version-history":[{"count":0,"href":"https:\/\/bcul.321dev.ch\/en\/wp-json\/wp\/v2\/manifestation\/17098\/revisions"}],"wp:featuredmedia":[{"embeddable":true,"href":"https:\/\/bcul.321dev.ch\/en\/wp-json\/wp\/v2\/media\/6633"}],"wp:attachment":[{"href":"https:\/\/bcul.321dev.ch\/en\/wp-json\/wp\/v2\/media?parent=17098"}],"wp:term":[{"taxonomy":"manifestation_type","embeddable":true,"href":"https:\/\/bcul.321dev.ch\/en\/wp-json\/wp\/v2\/manifestation_type?post=17098"},{"taxonomy":"author","embeddable":true,"href":"https:\/\/bcul.321dev.ch\/en\/wp-json\/wp\/v2\/coauthors?post=17098"}],"curies":[{"name":"wp","href":"https:\/\/api.w.org\/{rel}","templated":true}]}}

<p>L’exceptionnelle bibliothèque du chercheur et professeur Jean-Marie
Volet, avec 3’500 volumes dédiés à la littérature féminine francophone
d’Afrique subsaharienne, est le point de départ de cette exposition.&nbsp;<br>
L’exposition propose une traversée thématique de cet ensemble foisonnant à
travers des fictions où les figures féminines se confrontent à diverses formes
de pouvoir qu’elles développent ou qu’elles subissent.</p>



<p>Commissaires&nbsp;: Christine Le Quellec Cottier et Valérie Cossy</p>



<p>En collaboration avec le Pôle pour les études africaines et les
sections de français et d’anglais, Faculté des Lettres, UNIL</p>
